+ 4*c + 7. Let p(h) = 4*g(h) - 14*i(h). Let a be p(-2). Let r(l) = -l**2 - 9*l - 1. What is r(a)?
-11
Let h(d) = -d + 1. Let g(a) = -25*a**2 - 5*a - 6. Let k be g(-1). Let i = 28 + k. Give h(i).
-1
Let h(a) = 5*a + 1. Suppose -k + 5 = 9. Let c(f) = 3*f + 1. Let d(q) = k*h(q) + 7*c(q). What is d(-6)?
-3
Let i be (-4)/(-26) + (-1280)/208. Let j(l) = l**3 + 8*l**2 + 10*l - 7. Determine j(i).
5
Let s(t) be the second derivative of t**4/12 - 2*t**3/3 - t**2/2 - 1419*t. Let a = 0 + 2. Suppose 0 = 2*g - a + 10, -r + 26 = -5*g. Give s(r).
11
Let p(t) = -9*t**2 + 75*t + 65. Let n(o) = 2*o**2 - 18*o - 16. Let h(s) = 13*n(s) + 3*p(s). What is h(-9)?
-13
Let s(t) = -t**2 - t + 8. Let f(p) = -22*p + 765. Let y be f(35). Calculate s(y).
-12
Let x be ((-18)/(-10))/(-4 + (-129)/(-30)). Suppose -i - 15 = -x*i. Let g(v) = -v + 4. What is g(i)?
1
Let f(l) = -9*l + 1 + 23*l - 3 - 5*l - l. Determine f(3).
22
Let q(k) = k**2 - 10*k - 17. Let c = 516 - 504. What is q(c)?
7
Let z(c) be the third derivative of -c**6/120 + c**5/20 + 5*c**4/24 + c**3/6 + 21*c**2. Let j be (0/2 - -1) + 3. Give z(j).
5
Let l = 27 - 16. Suppose -2*f = -3*t + l, -2*t - 4*f + 6 = -12. Suppose -4 + t = -w. Let h(o) = 2*o**3 - o**2 + 1. Determine h(w).
-2
Let n(h) = -2*h**2 - 1. Let t(c) be the first derivative of -6*c + 1/2*c**2 + 11. Let v be t(7). Determine n(v).
-3
Let h(a) be the third derivative of a**4/8 - 2*a**3/3 - 18*a**2. Let t be (2 - 2/4)*4. Let z(b) = 3*b - 5. Let g(u) = t*z(u) - 7*h(u). Determine g(5).
-17
Let t(d) be the first derivative of 3*d**2 - 3*d + 46. Give t(2).
9
Let z(y) = -2*y**2 - 3*y - 1. Let q(v) = -v**3 - 2*v**2 + 39*v + 24. Let k be q(-7). Calculate z(k).
-21
Let c(y) = -2 - y**2 - y + 25 + 5 + 11 - 7. Determine c(-6).
2
Let n(i) = 219 + 219 - 652 + i**2 + 212 - 2*i. Suppose -z + 4*z = -9, 3*b = -3*z + 3. Give n(b).
6
Let y be -3 + 6*(0 - -1). Suppose -y = -18*j + 19*j. Let q(s) = 2*s**3 + 5*s**2 + 2*s - 1. Give q(j).
-16
Let z(g) = 6*g + 11. Let o(r) = -7*r - 13. Let n(a) = -5*o(a) - 6*z(a). Calculate n(-7).
6
Let b(a) = 1 - 4*a - a**2 - 9*a + 15*a. Let s be 32/(-14) + (-8)/(-28). Calculate b(s).
-7
Let u(v) be the third derivative of -v**4/24 + 5*v**3/6 - v**2. Let q(f) = -f**3 - 108*f**2 + 222*f + 225. Let p be q(-110). Calculate u(p).
0
Let u(r) = r - 4. Suppose -4*a = -57*i + 52*i - 15, -a + 9 = -2*i. Determine u(i).
-11
Suppose 4*i - 14 = -2. Suppose i*y = -4*r - 0*r + 9, 3*r = 0. Let w(u) = u - y*u + 4 - 3*u + 2*u. Determine w(3).
-5
Suppose 5*p - 3*p = 0. Let z = 6 + -5. Let a(h) = -h**3 + h - 1. Let s(n) = 7*n**3 + n**2 - 7*n + 9. Let l(c) = z*s(c) + 6*a(c). Determine l(p).
3
Let z be -6*8/(-12)*(-3 + 2). Let h(o) be the third derivative of -o**5/30 - 5*o**4/24 - o**3/3 + o**2. Determine h(z).
-14
Let m(c) be the third derivative of c**4/8 - 5*c**3/3 - 135*c**2. Give m(4).
2
Suppose b = -9*b + 30. Let u(r) = -32 + 61 + b*r - 29. Determine u(1).
3
Let r(o) be the second derivative of -4*o**3/3 + 5*o**2 + 161*o. What is r(2)?
-6
Let y(k) = k**2 + 10*k + 10. Let r = -69 + 60. Give y(r).
1
Let d be 1*-3 - (7 + -14). Suppose 2*m = 5*h - 11, 6*h - 3*m = d*h. Let f(q) = -5*q**2 - q**2 + 2 - h. Determine f(-1).
-7
Let g = 3 + -8. Let y(o) = 3 - 2 + 0 - 4*o + 4*o**2 - 5*o**2. What is y(g)?
-4
Let j(y) be the first derivative of 2*y**3/3 - 4*y**2 - 26*y - 42. Determine j(6).
-2
Let l(v) = -v**2 - 9*v + 7. Suppose z - 4*z - 4*p + 34 = 0, -10 = -3*z + 2*p. Determine l(z).
-83
Let y(o) = 3*o**2 + 9*o. Let g(p) = 5*p**2 + 8*p. Let v(q) = -2*g(q) + 3*y(q). Give v(8).
24
Let b(l) = 2*l**3 - 8*l**2 + 3*l + 3. Let v(m) = m**2 + 1. Let n(x) = -b(x) - v(x). Calculate n(4).
-32
Let u be -8*(-1 + 2) - 0. Let k(n) = 3*n + 35. Let z(f) = f + 12. Let j(c) = u*z(c) + 3*k(c). Let h be ((-110)/33)/((-2)/6*-2). What is j(h)?
4
Let n(u) = 1 + 2 - 4*u - 4 + 10 - u**3 + 12*u**2 - 10*u. What is n(11)?
-24
Let n(j) = 4*j**2 - 5*j + 1. Let c(h) = 4*h**2 - 7*h + 2. Let q(k) = 3*c(k) - 4*n(k). Give q(2).
-16
Let b(x) = 2*x**2 + 10*x + 8. Suppose 4*n - 20 = 2*a, 2*n + 1 = -4*a - 19. Give b(a).
20
Let k(x) = 2*x - 16. Suppose 84 = -21*l + 33*l. Calculate k(l).
-2
Let z(q) = 2*q**2 + 4*q - 4. Suppose 6*g = 30 - 18. Give z(g).
12
Let c(x) be the second derivative of x**6/120 - x**5/60 + x**3/6 - 13*x**2 - 41*x. Let o(r) be the first derivative of c(r). Give o(1).
1
Let t(u) = u**2 - 4*u - 2. Let d(y) = 5*y - 15*y + 16 + 9*y**2 - 10*y**2. Let r be d(-11). Determine t(r).
3
Suppose -12*l + 16*l - 20 = -5*w, -25 = -5*l - 4*w. Let u(h) = -h + 9. Determine u(l).
4
Let r(g) be the second derivative of 2*g**3/3 - 7*g**2/2 - 2*g - 31. Let z be (6/14)/((-2)/(-14)). Let c = 3 + z. Give r(c).
17
Let b = 59 - 56. Suppose -t - 2 = -b. Let c(l) = -7*l**3 + l. Give c(t).
-6
Let w(j) = j**3 - 5*j**2 - 7*j + 7. Let c(m) be the second derivative of m**5/20 - m**4/12 + m**3/6 + 3*m**2 + 13*m - 1. Let p be c(0). Give w(p).
1
Let b(y) = -11*y**3 + 5 + 7*y**2 + 9*y + 19*y**3 - 3*y**2 - 9*y**3. Give b(6).
-13
Let y be 39/(-7) - (-12)/21. Let i(w) = -5*w - 9. Determine i(y).
16
Let t(m) = m + 5. Suppose -2 = h + 2, 40 = -5*d - 5*h. Give t(d).
1
Let h(g) = -g - 10. Let a(f) = -3*f - 39. Let y(x) = -2*a(x) + 9*h(x). Calculate y(9).
-39
Let y(q) = -7*q**2 - 9*q - 1. Let j(b) = -40*b**2 - 55*b - 8. Let t(k) = -j(k) + 6*y(k). Let i(n) = n**2 + 2. Let a be i(0). What is t(a)?
-4
Let d(n) = -2*n**3 - 3*n**2 - 11*n - 15. Let s(r) = -r**3 - r**2 - 5*r - 7. Let v(c) = 4*d(c) - 9*s(c). Suppose 0 = -0*f + 4*f - 12. Calculate v(f).
6
Suppose 5*y - 396 = -61*y. Let j(w) = 8*w - 17. Calculate j(y).
31
Let v(s) = s**3 - 2*s**2 - 4*s - 4. Let l(a) = 2*a**3 + 4 - a**2 + a - 2*a - a**3. Suppose -3*p + 4*d - 4 = 4, p + 2 = d. Let z be l(p). Determine v(z).
12
Let w(k) = 8*k. Suppose n - 14 = 3*m + 2*m, 5*n + m + 8 = 0. Give w(n).
-8
Let u(r) be the third derivative of 17*r**4/24 - r**3/6 + 199*r**2. Let x(j) = -j**3 + 7*j**2 - j + 8. Let c be x(7). Calculate u(c).
16
Let y(i) = -i**2 - 6*i - 6. Let a be y(-2). Let d(r) = 4*r - 2*r**2 + r**2 + 7 + 3*r**2 - r**a. Give d(-6).
19
Let j be (-102)/(-15) + (-2)/(-10). Let h(q) be the first derivative of -3*q**2/2 - 3*q + 4. Give h(j).
-24
Let f(k) = -k + 1 + 18 - 3 + 0*k. Determine f(6).
10
Let d(j) be the first derivative of j**6/120 - j**5/60 + j**3 - j**2/2 - 4. Let r(x) be the second derivative of d(x). Let b = 5 - 5. Give r(b).
6
Let q = 1213 - 1242. Let f(s) = -s**2 - 27*s + 62. Give f(q).
4
Let p(y) = -3*y - 4. Let g be (-200)/15 - (-4)/(-6). Let a = -16 - g. Let c(v) = -7*v - 8. Let o(k) = a*c(k) + 5*p(k). Determine o(6).
-10
Let z(x) = -x + 4. Let j(t) = 5*t - 23. Let k(v) = -6*j(v) - 34*z(v). Let c(u) = -u**2 + 17*u - 10. Let i be c(15). Suppose i = -2*q - 3*q. Calculate k(q).
-14
Let d(a) be the third derivative of a**5/60 - 5*a**4/8 + 31*a**3/6 + 150*a**2. Determine d(14).
17
Let s(z) = -746*z + 375*z - 3 + 364*z - z**2. Determine s(-7).
-3
Let m(a) = a + 11*a + 165*a**2 - 1 - 164*a**2. Calculate m(-12).
-1
Let k(t) = -3*t + 9. Let o(b) = -17*b + 46. Let f(h) = 11*k(h) - 2*o(h). Calculate f(-4).
3
Let c(k) = 29*k + 5*k - 42*k. Let l(t) = -t**2 + 5*t + 1. Let p be l(5). Give c(p).
-8
Let u(a) = 5*a**3 + 1 - 4*a**3 - 4*a - 4*a**2 + 2. Suppose 0*v + 3*v + 1 = d, 5*v - 2*d + 3 = 0. Suppose -2*b + 4*z = -v - 21, 21 = 3*b - 2*z. Determine u(b).
8
Let w(u) = -3*u**3 + 11*u**3 + 3*u**2 - 7*u**3 - 5*u - 6 + 1. Let g be (-4)/10 - (-4)/10. Suppose b + 4 + g = 0. Determine w(b).
-1
Let y(w) = -103*w + 40*w - 8 + 33*w + 34*w. Determine y(-3).
-20
Let k(s) = 11*s + 60. Let u be 448/(-72) - 2/(-9). Give k(u).
-6
Let q(m) = 4*m**3 + 2*m**2 - 9*m + 1. Let t(l) = 2*l**3 + l**2 - 4*l + 1. Let f(u) = -2*q(u) + 5*t(u). Let o = 144 - 142. Give f(o).
19
Suppose -4*o + 11 - 3 = 0. Suppose s - 5 + 3 = o*i, 4*s + i = 17. Let r(q) = q - 4 - s + 2 + 4. Calculate r(6).
4
Let q(u) = -u**3 - 3*u**2 + 5*u - 3. Suppose 100 = -15*k - 5*k. Give q(k).
22
Let d = 8 + -5. Suppose 5*x - 20 = f, f + 9 + 1 = 3*x. Let u(n) = 10*n + 4. Let s(z) = -z - 1. Let h(i) = x*s(i) + u(i). What is h(d)?
14
Let g(x) be the third derivative of 0*x + 0 - 44*x**2 - 13/6*x**3 - 1/24*x**4. What is g(-9)?
-4
Let f(y) = 8*y + 112. Let g be f(-14). Let a(u) = u + 4. What is a(g)?
4
Let s(d) be the second derivative of -d**4/12 - 4*d**3/3